{"id":5333,"date":"2024-11-19T22:29:21","date_gmt":"2024-11-19T22:29:21","guid":{"rendered":"https:\/\/adawaty.ma\/b2b\/?post_type=product&#038;p=5333"},"modified":"2024-11-19T22:29:22","modified_gmt":"2024-11-19T22:29:22","slug":"atika-ardoise-double-face-stylo-chiffon-couleurs-aleatoires","status":"publish","type":"product","link":"https:\/\/adawaty.ma\/b2b\/produit\/atika-ardoise-double-face-stylo-chiffon-couleurs-aleatoires\/","title":{"rendered":"Atika Ardoise Double Face &#038; Stylo &#038; Chiffon &#8211; Couleurs Al\u00e9atoires"},"content":{"rendered":"<p>Ardoise double face avec un c\u00f4t\u00e9 blanc et un c\u00f4t\u00e9 noir avec un marqueur effa\u00e7able \u00e0 sec et une brosse. Id\u00e9ale pour l\u2019\u00e9criture le dessin et les expressions artistiques. Offre un espace d\u2019expression illimit\u00e9 pour les \u00e9tudiants les enseignants et les artistes. Compatible avec les marqueurs effa\u00e7ables \u00e0 sec NB : La couleur est al\u00e9atoire Les couleurs disponible : Vert Rouge Violet Bleu Jaune<\/p>\n","protected":false},"excerpt":{"rendered":"<p>Ardoise double face avec un c\u00f4t\u00e9 blanc et un c\u00f4t\u00e9 noir avec un marqueur effa\u00e7able \u00e0 sec et une brosse. Id\u00e9ale pour l\u2019\u00e9criture le dessin et les expressions artistiques. Offre un espace d\u2019expression illimit\u00e9 pour les \u00e9tudiants les enseignants et &#8230;<\/p>\n","protected":false},"featured_media":5334,"template":"","meta":[],"product_brand":[],"product_cat":[151],"product_tag":[],"class_list":{"0":"post-5333","1":"product","2":"type-product","3":"status-publish","4":"has-post-thumbnail","6":"product_cat-ardoises","8":"first","9":"instock","10":"shipping-taxable","11":"purchasable","12":"product-type-simple"},"_links":{"self":[{"href":"https:\/\/adawaty.ma\/b2b\/wp-json\/wp\/v2\/product\/5333","targetHints":{"allow":["GET"]}}],"collection":[{"href":"https:\/\/adawaty.ma\/b2b\/wp-json\/wp\/v2\/product"}],"about":[{"href":"https:\/\/adawaty.ma\/b2b\/wp-json\/wp\/v2\/types\/product"}],"version-history":[{"count":1,"href":"https:\/\/adawaty.ma\/b2b\/wp-json\/wp\/v2\/product\/5333\/revisions"}],"predecessor-version":[{"id":5335,"href":"https:\/\/adawaty.ma\/b2b\/wp-json\/wp\/v2\/product\/5333\/revisions\/5335"}],"wp:featuredmedia":[{"embeddable":true,"href":"https:\/\/adawaty.ma\/b2b\/wp-json\/wp\/v2\/media\/5334"}],"wp:attachment":[{"href":"https:\/\/adawaty.ma\/b2b\/wp-json\/wp\/v2\/media?parent=5333"}],"wp:term":[{"taxonomy":"product_brand","embeddable":true,"href":"https:\/\/adawaty.ma\/b2b\/wp-json\/wp\/v2\/product_brand?post=5333"},{"taxonomy":"product_cat","embeddable":true,"href":"https:\/\/adawaty.ma\/b2b\/wp-json\/wp\/v2\/product_cat?post=5333"},{"taxonomy":"product_tag","embeddable":true,"href":"https:\/\/adawaty.ma\/b2b\/wp-json\/wp\/v2\/product_tag?post=5333"}],"curies":[{"name":"wp","href":"https:\/\/api.w.org\/{rel}","templated":true}]}}